nd derivative of x**3/6 + 2*x**2 + 7*x. Let n be f(-8). List the prime factors of v(n).
5
Let o(v) = -5*v + 15*v - 10 + 3. Let x be o(8). Suppose -3*c - l + 77 = 0, 0*c + 3*c - x = -2*l. What are the prime factors of c?
3
Let n(s) = s**2 + 6*s + 10. Let u(i) = i**2 + 4. Let d be u(0). Let p = d + -9. What are the prime factors of n(p)?
5
Let d(s) = -s - 1. Let r(b) = -6*b - 1. Let v(k) = d(k) - r(k). Suppose 2*q = -q + 3. List the prime factors of v(q).
5
Let q = 4 + 174. List the prime factors of q.
2, 89
Let c(w) = w**2 + 18*w + 36. Let k be c(-16). Suppose k*i - 256 - 464 = 0. What are the prime factors of i?
2, 3, 5
Let a(u) = -3*u - 19. Suppose 7 = -o - 1. Let r be a(o). Suppose r*g + 10 = 0, -5*g = -3*n + 2 + 74. List the prime factors of n.
2, 11
Let i be 1 - 2 - (-82)/2. Let v be 3104/i + 2/5. Suppose -5*g + 3*n = n - 81, 4*g + 5*n = v. List the prime factors of g.
17
List the prime factors of (-4)/3*2541/(-14).
2, 11
Suppose -3*j = -8*j - 280. Let p(k) = 7*k + 10. Let l be p(-7). Let f = l - j. List the prime factors of f.
17
Let z = -2 - -12. Let g(o) = 3*o + 12. List the prime factors of g(z).
2, 3, 7
Let t = -68 + 138. List the prime factors of t/(-4)*(-16)/10.
2, 7
Let g = 16 - 11. Let z(d) = d**3 - d**2 - 3*d + 3. List the prime factors of z(g).
2, 11
Let h = -28 + 62. List the prime factors of 1921/h + 1/(-2).
2, 7
Let l be -1 + 3 - (4 - 10). Let p = l + -3. Suppose -18 = -p*h + 62. What are the prime factors of h?
2
Let h be (-8 - 0)*17 - -2. Let t(n) = -13*n**3 + n**2 + 5. Let k be t(2). Let q = k - h. What are the prime factors of q?
3, 13
Let o(k) = k**2 - 2*k + 18. Let d(q) = -2*q**2 + q**3 + 20*q - 20*q + 3*q**2. Let a be d(-1). What are the prime factors of o(a)?
2, 3
Let v = -55 - -79. Let p be (-1 - (v - 1))*4. Let z = -65 - p. List the prime factors of z.
31
Let a = -34 - -41. Suppose 0 = -a*o - 33 + 180. What are the prime factors of o?
3, 7
Let y(p) = 39*p + 445. List the prime factors of y(0).
5, 89
Suppose -94 = -5*j - 4*m, 40 = 3*j - j + m. Let l = -5 - j. What are the prime factors of 2/6 - 720/l?
3
What are the prime factors of -1*(-3)/(-2)*-166?
3, 83
Suppose 2*n + 2762 = 5*z + 383, -1440 = -3*z - 3*n. List the prime factors of z.
3, 53
Suppose -2*f + 0*m = -5*m - 171, 174 = 2*f - 2*m. List the prime factors of f.
2, 11
Suppose 370*g - 354*g - 13056 = 0. What are the prime factors of g?
2, 3, 17
Let m = -4206 - -6112. What are the prime factors of m?
2, 953
List the prime factors of (-9)/24 + 2899/8.
2, 181
Let r(t) = 4*t**3 + 23*t**2 - 5*t + 6. Let s be r(-6). List the prime factors of (s - -1)/(245/(-123) + 2).
3, 41
Let x(z) be the second derivative of z**5/20 + 7*z**4/12 - 7*z**3/6 + 5*z**2/2 - 7*z. List the prime factors of x(-6).
83
Suppose 5*r + 1056 = -2*t + 5*t, 0 = -5*t + 5*r + 1770. What are the prime factors of t?
3, 7, 17
Suppose -48 = 3*g - g. Let h be 26/12 + 4/g. What are the prime factors of (h*51)/(17 - 15)?
3, 17
Let v(p) = -p + 9. Let t be v(-7). Let o be (t/(-10))/(2/(-5)). Suppose 0*k - 3*j = k, -4*k - o*j = -16. List the prime factors of k.
2, 3
Suppose -5*s - 25 = -15. List the prime factors of (198 - -2) + (-3)/(3/s).
2, 101
Let a = 3318 - 1375. List the prime factors of a.
29, 67
Let f(o) = 22*o - 1. Let i be f(1). Suppose i - 6 = 5*k. Let g = k - -8. List the prime factors of g.
11
What are the prime factors of -6 + (-1 - -597 - -8)?
2, 13, 23
Let q be 75/30*(0 - -10). Suppose -15*w = -16*w + q. List the prime factors of w.
5
Let q(h) = 2*h**2 + 8*h + 45. List the prime factors of q(-24).
3, 5, 67
Suppose -2*x + 1 + 15 = 0. Suppose u + 4*r = 16, 2*u - x = -u - 2*r. Suppose u = 3*s - 5*s + 86. List the prime factors of s.
43
Let f = 1501 - 674. List the prime factors of f.
827
Suppose -31*i + 118250 = 12*i. What are the prime factors of i?
2, 5, 11
Let r be (124 - -11) + (-2 - -3). Let d = r - 65. List the prime factors of d.
71
Suppose -2*f - f + 6 = 0. Suppose -5*m + 153 = 2*t, -3*t + 25 = f*m - 34. Suppose -i = -0*i - m. List the prime factors of i.
31
Let q(p) = -p**2 - 10*p - 16. Let j be (-4)/(-8)*1*-14. Let d be q(j). Suppose 0 = -4*r - 4*s + 96, -3*r - 8 + 76 = d*s. What are the prime factors of r?
2, 13
Suppose -5*i + 8*i = 150. Suppose -i = -5*h - 7*p + 3*p, 0 = 3*h + 5*p - 30. Suppose h*g - 2 = 9*g. What are the prime factors of g?
2
Let u = -4 + 4. Let s = 2 + u. Suppose 5*l - 160 = -5*t, 3*t + s*t + 3*l - 166 = 0. What are the prime factors of t?
5, 7
Let g = -8 + -33. Let j = 156 + g. Suppose -5*x = -35 - j. List the prime factors of x.
2, 3, 5
Let s(b) be the third derivative of b**5/60 + b**4/4 + 11*b**3/6 - 26*b**2. What are the prime factors of s(6)?
83
Let f = 173 + -13. What are the prime factors of f?
2, 5
Let r(q) = 2*q**2 + 7*q + 11. Let w be r(-9). Suppose -z = p - w, -p - 4*z - 550 = -6*p. List the prime factors of p.
2, 5, 11
Let u = -12 + 17. Suppose 0*x - 20 = -u*x. Suppose 0 = x*k + 2*y - 204, -5*k + 3*k + 3*y + 94 = 0. List the prime factors of k.
2, 5
Let i = -2750 + 4925. What are the prime factors of i?
3, 5, 29
Let z(w) = 35*w - 8. Let k(t) = 34*t - 9. Let h(u) = -4*k(u) + 3*z(u). List the prime factors of h(-4).
2, 17
Suppose 4*f - 77 = -21. Let q = f + -9. Suppose -4 = -y + q. List the prime factors of y.
3
Let f(w) = 17*w + 3. Let s be f(-3). Let c be 6/2*s/36. List the prime factors of (5 - 0)*c/(-10).
2
Let o = 839 - 515. List the prime factors of o.
2, 3
Let i = 138 + -41. Suppose -34 = 3*w - i. Suppose 96 = 3*n - 3*j, -3*n - 2*j + 132 = w. What are the prime factors of n?
5, 7
Let x(b) = -13*b + 12. Let a be x(-6). Suppose -o - i + 8 = 0, -5*o + 6*i = i - a. Suppose 0 = -3*f + 2*f + o. What are the prime factors of f?
13
Suppose 145*y = 138*y + 847. List the prime factors of y.
11
Let v(n) = 580*n + 480. What are the prime factors of v(4)?
2, 5, 7
Let r(x) = -4*x**3 + 7*x**2 - 6*x + 7. Let s be r(4). Let t = -67 - s. List the prime factors of t.
2, 47
Suppose 0 = 2*w + 6*s - 1266, w + 2*s - 631 = -0*s. What are the prime factors of w?
3, 11, 19
Suppose -5*q + c = -12, -3*c = 4*q - 8*c - 18. Suppose -3*i = -2*r - q + 1, i = -4*r + 19. Let y = 27 + i. List the prime factors of y.
2, 3, 5
Suppose -15 = 3*q, -29*o = -31*o + 4*q + 928. List the prime factors of o.
2, 227
Let c = 5853 + -2455. List the prime factors of c.
2, 1699
Let h(p) = -8*p - 6. Let f be h(0). Let g = -4 + 6. List the prime factors of f*(56/(-12) - g).
2, 5
Let x(v) = 28 + v - 10 + v. What are the prime factors of x(9)?
2, 3
Suppose 15*g - 1875 = 12*g. Suppose g = 5*t - 150. List the prime factors of t.
5, 31
Let z = -5357 - -7710. List the prime factors of z.
13, 181
List the prime factors of 6/4*(19599/9 - -1).
2, 19, 43
Suppose 475 - 12953 = -17*l. What are the prime factors of l?
2, 367
Let o(c) = c**3 - 8*c**2 - 19*c - 3. Let d be o(10). What are the prime factors of (d - 22 - -1)/(-1*2)?
7
Let z be -1 - (-4 - 11 - -2). Let r = z - -219. What are the prime factors of r?
3, 7, 11
Let o be (-2 + 1)*0*-1. Suppose -2*u + o*u = -44. Let n = u - 9. List the prime factors of n.
13
Suppose 9 = 2*y + y. Suppose 58 = y*p - 32. Suppose -5*b = -p - 85. What are the prime factors of b?
23
Let u be 897/5 - (-54)/90. Let b be u/(-15)*(-2)/(-6). List the prime factors of 4/3 + b/(-6).
2
Let j(p) = 6*p**2 + 11*p - 24. List the prime factors of j(7).
347
Suppose -88*u + 62*u + 46904 = 0. What are the prime factors of u?
2, 11, 41
Suppose 3*h + 268 + 92 = 0. What are the prime factors of ((-50)/(-125))/((-1)/h)?
2, 3
Suppose -5*h + 37 = -4*h. Let t(j) = j**2 + 10*j - 17. Let m be t(-9). Let x = h + m. List the prime factors of x.
11
Suppose 0 = 30*w - 26*w. Suppose 3*o - 2*a - 242 = w, -2*o + 4*a = o - 244. List the prime factors of o.
2, 5
Let y = -27 + 3. List the prime factors of 24*(10/y)/((-5)/15).
2, 3, 5
Let r be (-20 - 6)*((-1)/1 - 3). Suppose -4*v + 180 + r = 0. List the prime factors of v.
71
Let w = -3879 + 9304. List the prime factors of w.
5, 7, 31
Let c = -258 + 139. List the prime factors of 524/7 + (-17)/c.
3, 5
Let n be (-2 - 2)*3/(-2). Suppose -n = -2*l - l. Suppose v = -2, l*t + 0*t - 24 = 5*v. What are the prime factors of t?
7
Let x be (-1)/2 + (-43)/2. List the prime factors of (-474)/(-66) - (-4)/x.
7
Let q be (-2)/3 + (-1284)/18. Let x = -20 - q. What are the prime